{"id":915,"date":"2022-04-26T08:22:26","date_gmt":"2022-04-26T06:22:26","guid":{"rendered":"https:\/\/noemys.jlcwapps.fr\/hotels\/?page_id=915"},"modified":"2026-03-19T16:07:29","modified_gmt":"2026-03-19T15:07:29","slug":"groupes-seminaires","status":"publish","type":"page","link":"https:\/\/noemys.fr\/hotels\/groupes-seminaires\/","title":{"rendered":"Groupes &#8211; s\u00e9minaires"},"content":{"rendered":"\t\t<div data-elementor-type=\"wp-page\" data-elementor-id=\"915\" class=\"elementor elementor-915\">\n\t\t\t\t\t\t\t\t\t<section class=\"elementor-section elementor-top-section elementor-element elementor-element-2a34d92b elementor-section-height-min-height elementor-section-boxed elementor-section-height-default elementor-section-items-middle\" data-id=\"2a34d92b\" data-element_type=\"section\" data-settings=\"{&quot;background_background&quot;:&quot;classic&quot;}\">\n\t\t\t\t\t\t\t<div class=\"elementor-background-overlay\"><\/div>\n\t\t\t\t\t\t\t<div class=\"elementor-container elementor-column-gap-default\">\n\t\t\t\t\t<div class=\"elementor-column elementor-col-100 elementor-top-column elementor-element elementor-element-2a67a13a\" data-id=\"2a67a13a\" data-element_type=\"column\">\n\t\t\t<div class=\"elementor-widget-wrap elementor-element-populated\">\n\t\t\t\t\t\t\t\t<div class=\"elementor-element elementor-element-370bb4d1 animated-slow elementor-invisible elementor-widget elementor-widget-heading\" data-id=\"370bb4d1\" data-element_type=\"widget\" data-settings=\"{&quot;_animation&quot;:&quot;fadeInDown&quot;}\" data-widget_type=\"heading.default\">\n\t\t\t\t<div class=\"elementor-widget-container\">\n\t\t\t<style>\/*! elementor - v3.6.2 - 04-04-2022 *\/\n.elementor-heading-title{padding:0;margin:0;line-height:1}.elementor-widget-heading .elementor-heading-title[class*=elementor-size-]>a{color:inherit;font-size:inherit;line-height:inherit}.elementor-widget-heading .elementor-heading-title.elementor-size-small{font-size:15px}.elementor-widget-heading .elementor-heading-title.elementor-size-medium{font-size:19px}.elementor-widget-heading .elementor-heading-title.elementor-size-large{font-size:29px}.elementor-widget-heading .elementor-heading-title.elementor-size-xl{font-size:39px}.elementor-widget-heading .elementor-heading-title.elementor-size-xxl{font-size:59px}<\/style><h1 class=\"elementor-heading-title elementor-size-default\">GROUPES SPORTIFS, LOISIRS, AUTOCARISTES, EVENEMENTS &amp; SEMINAIRES D'ENTREPRISES<\/h1>\t\t<\/div>\n\t\t\t\t<\/div>\n\t\t\t\t\t<\/div>\n\t\t<\/div>\n\t\t\t\t\t\t\t<\/div>\n\t\t<\/section>\n\t\t\t\t<section class=\"elementor-section elementor-top-section elementor-element elementor-element-56161e7 elementor-section-full_width section-finder elementor-section-height-default elementor-section-height-default\" data-id=\"56161e7\" data-element_type=\"section\">\n\t\t\t\t\t\t<div class=\"elementor-container elementor-column-gap-default\">\n\t\t\t\t\t<div class=\"elementor-column elementor-col-100 elementor-top-column elementor-element elementor-element-4cbed41\" data-id=\"4cbed41\" data-element_type=\"column\" data-settings=\"{&quot;background_background&quot;:&quot;classic&quot;}\">\n\t\t\t<div class=\"elementor-widget-wrap elementor-element-populated\">\n\t\t\t\t\t\t\t\t<div class=\"elementor-element elementor-element-00f0243 elementor-widget elementor-widget-template\" data-id=\"00f0243\" data-element_type=\"widget\" data-widget_type=\"template.default\">\n\t\t\t\t<div class=\"elementor-widget-container\">\n\t\t\t\t\t<div class=\"elementor-template\">\n\t\t\t\t\t<div data-elementor-type=\"section\" data-elementor-id=\"8136\" class=\"elementor elementor-8136\">\n\t\t\t\t\t\t\t\t<section class=\"elementor-section elementor-top-section elementor-element elementor-element-7a1596c elementor-section-full_width elementor-section-height-min-height elementor-section-height-default elementor-section-items-middle\" data-id=\"7a1596c\" data-element_type=\"section\" id=\"#finder_section\">\n\t\t\t\t\t\t<div class=\"elementor-container elementor-column-gap-default\">\n\t\t\t\t\t<div class=\"elementor-column elementor-col-100 elementor-top-column elementor-element elementor-element-f6f955d\" data-id=\"f6f955d\" data-element_type=\"column\">\n\t\t\t<div class=\"elementor-widget-wrap elementor-element-populated\">\n\t\t\t\t\t\t\t\t<div class=\"elementor-element elementor-element-45cd441 elementor-widget elementor-widget-Mirai_Finder\" data-id=\"45cd441\" data-element_type=\"widget\" data-widget_type=\"Mirai_Finder.default\">\n\t\t\t\t<div class=\"elementor-widget-container\">\n\t\t\t<div data-mirai-component=\"finder\"><\/div>\t\t<\/div>\n\t\t\t\t<\/div>\n\t\t\t\t\t<\/div>\n\t\t<\/div>\n\t\t\t\t\t\t\t<\/div>\n\t\t<\/section>\n\t\t\t\t\t\t<\/div>\n\t\t\t\t<\/div>\n\t\t\t\t<\/div>\n\t\t\t\t<\/div>\n\t\t\t\t\t<\/div>\n\t\t<\/div>\n\t\t\t\t\t\t\t<\/div>\n\t\t<\/section>\n\t\t\t\t<section class=\"elementor-section elementor-top-section elementor-element elementor-element-2993ce2 introPage elementor-section-boxed elementor-section-height-default elementor-section-height-default\" data-id=\"2993ce2\" data-element_type=\"section\">\n\t\t\t\t\t\t<div class=\"elementor-container elementor-column-gap-default\">\n\t\t\t\t\t<div class=\"elementor-column elementor-col-100 elementor-top-column elementor-element elementor-element-9fb30ed\" data-id=\"9fb30ed\" data-element_type=\"column\">\n\t\t\t<div class=\"elementor-widget-wrap elementor-element-populated\">\n\t\t\t\t\t\t\t\t<div class=\"elementor-element elementor-element-86c133d elementor-widget elementor-widget-heading\" data-id=\"86c133d\" data-element_type=\"widget\" data-widget_type=\"heading.default\">\n\t\t\t\t<div class=\"elementor-widget-container\">\n\t\t\t<h2 class=\"elementor-heading-title elementor-size-default\">Vous devez organiser un s\u00e9jour de groupes, un s\u00e9minaire ou un \u00e9v\u00e8nement ?<\/h2>\t\t<\/div>\n\t\t\t\t<\/div>\n\t\t\t\t<div class=\"elementor-element elementor-element-61a52ba introPage-text elementor-widget elementor-widget-text-editor\" data-id=\"61a52ba\" data-element_type=\"widget\" data-widget_type=\"text-editor.default\">\n\t\t\t\t<div class=\"elementor-widget-container\">\n\t\t\t<style>\/*! elementor - v3.6.2 - 04-04-2022 *\/\n.elementor-widget-text-editor.elementor-drop-cap-view-stacked .elementor-drop-cap{background-color:#818a91;color:#fff}.elementor-widget-text-editor.elementor-drop-cap-view-framed .elementor-drop-cap{color:#818a91;border:3px solid;background-color:transparent}.elementor-widget-text-editor:not(.elementor-drop-cap-view-default) .elementor-drop-cap{margin-top:8px}.elementor-widget-text-editor:not(.elementor-drop-cap-view-default) .elementor-drop-cap-letter{width:1em;height:1em}.elementor-widget-text-editor .elementor-drop-cap{float:left;text-align:center;line-height:1;font-size:50px}.elementor-widget-text-editor .elementor-drop-cap-letter{display:inline-block}<\/style>\t\t\t\t<p>Vous \u00eates au bon endroit !<br>Choisir un h\u00f4tel noemys pour organiser vos s\u00e9jours de groupes loisirs ou professionnels c&rsquo;est l&rsquo;assurance de trouver un personnel \u00e0 votre \u00e9coute, une proposition adapt\u00e9e \u00e0 vos besoins et des prestations de qualit\u00e9.<\/p>\t\t\t\t\t\t<\/div>\n\t\t\t\t<\/div>\n\t\t\t\t\t<\/div>\n\t\t<\/div>\n\t\t\t\t\t\t\t<\/div>\n\t\t<\/section>\n\t\t\t\t<section class=\"elementor-section elementor-top-section elementor-element elementor-element-c28fd1b elementor-section-content-middle blockPageSeminaires elementor-section-boxed elementor-section-height-default elementor-section-height-default\" data-id=\"c28fd1b\" data-element_type=\"section\">\n\t\t\t\t\t\t<div class=\"elementor-container elementor-column-gap-default\">\n\t\t\t\t\t<div class=\"elementor-column elementor-col-33 elementor-top-column elementor-element elementor-element-30affa9\" data-id=\"30affa9\" data-element_type=\"column\">\n\t\t\t<div class=\"elementor-widget-wrap elementor-element-populated\">\n\t\t\t\t\t\t\t\t<div class=\"elementor-element elementor-element-28a6647 elementor-widget-tablet__width-initial htmega-align-center elementor-invisible elementor-widget elementor-widget-htmega-calltoaction-addons\" data-id=\"28a6647\" data-element_type=\"widget\" data-settings=\"{&quot;_animation&quot;:&quot;zoomIn&quot;}\" data-widget_type=\"htmega-calltoaction-addons.default\">\n\t\t\t\t<div class=\"elementor-widget-container\">\n\t\t\t            <div class=\"htmega-call-to-action callto-action-style-1\">\r\n                <div class=\"htmega-content\">\r\n\r\n                                            <div class=\"htmega-callto-action-title\">Noemys N\u00e9ris<\/div><a class=\"call_btn\" href=\"https:\/\/noemys.fr\/hotels\/wp-content\/uploads\/2022\/04\/FICHE-GROUPE-et-SEMINAIRE-noemys-Neris.pdf\" target=\"_blank\"><span class='call_to_action_button_one_text_progression'>T\u00e9l\u00e9charger la fiche<\/span><\/a><a class=\"call_btn secondary_btn\" href=\"https:\/\/noemys.backyou.app\/fr\/c\/request\/noemys\" target=\"_blank\" rel=\"noopener\"><span class='call_to_action_button_two_text_progression'>Demande de devis<\/span><\/a>                    \r\n                <\/div>\r\n            <\/div>\r\n\r\n        \t\t<\/div>\n\t\t\t\t<\/div>\n\t\t\t\t<div class=\"elementor-element elementor-element-79571f0 elementor-widget-tablet__width-initial htmega-align-center elementor-invisible elementor-widget elementor-widget-htmega-calltoaction-addons\" data-id=\"79571f0\" data-element_type=\"widget\" data-settings=\"{&quot;_animation&quot;:&quot;zoomIn&quot;}\" data-widget_type=\"htmega-calltoaction-addons.default\">\n\t\t\t\t<div class=\"elementor-widget-container\">\n\t\t\t            <div class=\"htmega-call-to-action callto-action-style-1\">\r\n                <div class=\"htmega-content\">\r\n\r\n                                            <div class=\"htmega-callto-action-title\">Noemys Viviers-du-Lac<\/div><a class=\"call_btn\" href=\"https:\/\/noemys.fr\/hotels\/wp-content\/uploads\/2022\/04\/FICHE-GROUPE-et-SEMINAIRE-noemys-Viviers-du-lac.pdf\" target=\"_blank\"><span class='call_to_action_button_one_text_progression'>T\u00e9l\u00e9charger la fiche<\/span><\/a><a class=\"call_btn secondary_btn\" href=\"https:\/\/noemys.backyou.app\/fr\/c\/request\/noemys\" target=\"_blank\" rel=\"noopener\"><span class='call_to_action_button_two_text_progression'>Demande de devis<\/span><\/a>                    \r\n                <\/div>\r\n            <\/div>\r\n\r\n        \t\t<\/div>\n\t\t\t\t<\/div>\n\t\t\t\t<div class=\"elementor-element elementor-element-8f2b99b elementor-widget-tablet__width-initial htmega-align-center elementor-invisible elementor-widget elementor-widget-htmega-calltoaction-addons\" data-id=\"8f2b99b\" data-element_type=\"widget\" data-settings=\"{&quot;_animation&quot;:&quot;zoomIn&quot;}\" data-widget_type=\"htmega-calltoaction-addons.default\">\n\t\t\t\t<div class=\"elementor-widget-container\">\n\t\t\t            <div class=\"htmega-call-to-action callto-action-style-1\">\r\n                <div class=\"htmega-content\">\r\n\r\n                                            <div class=\"htmega-callto-action-title\">Noemys Brive<\/div><a class=\"call_btn\" href=\"https:\/\/noemys.fr\/hotels\/wp-content\/uploads\/2022\/04\/FICHE-GROUPE-et-SEMINAIRE-noemys-Brive.pdf\" target=\"_blank\"><span class='call_to_action_button_one_text_progression'>T\u00e9l\u00e9charger la fiche<\/span><\/a><a class=\"call_btn secondary_btn\" href=\"https:\/\/noemys.backyou.app\/fr\/c\/request\/noemys\" target=\"_blank\" rel=\"noopener\"><span class='call_to_action_button_two_text_progression'>Demande de devis<\/span><\/a>                    \r\n                <\/div>\r\n            <\/div>\r\n\r\n        \t\t<\/div>\n\t\t\t\t<\/div>\n\t\t\t\t\t<\/div>\n\t\t<\/div>\n\t\t\t\t<div class=\"elementor-column elementor-col-33 elementor-top-column elementor-element elementor-element-e62eebd\" data-id=\"e62eebd\" data-element_type=\"column\">\n\t\t\t<div class=\"elementor-widget-wrap elementor-element-populated\">\n\t\t\t\t\t\t\t\t<div class=\"elementor-element elementor-element-c499fc4 elementor-widget elementor-widget-htmega-carousel-addons\" data-id=\"c499fc4\" data-element_type=\"widget\" data-widget_type=\"htmega-carousel-addons.default\">\n\t\t\t\t<div class=\"elementor-widget-container\">\n\t\t\t\r\n       <div class=\"ht-custom-carousel htmega-carousel-activation htmega-carousel-style-3 htmega-carousel-animation-style-\" dir=\"ltr\" data-settings=\"{&quot;arrows&quot;:false,&quot;arrow_prev_txt&quot;:false,&quot;arrow_next_txt&quot;:false,&quot;dots&quot;:false,&quot;autoplay&quot;:true,&quot;autoplay_speed&quot;:2000,&quot;animation_speed&quot;:500,&quot;pause_on_hover&quot;:true,&quot;center_mode&quot;:false,&quot;center_padding&quot;:&quot;px&quot;,&quot;display_columns&quot;:1,&quot;scroll_columns&quot;:1,&quot;tablet_width&quot;:750,&quot;tablet_display_columns&quot;:1,&quot;tablet_scroll_columns&quot;:1,&quot;mobile_width&quot;:480,&quot;mobile_display_columns&quot;:1,&quot;mobile_scroll_columns&quot;:1}\" >\r\n\r\n                            <div class=\"single-custom-carousel htmega-data-title\" data-title=\"Image Grid Title\">\r\n                    <img width=\"496\" height=\"307\" src=\"https:\/\/noemys.fr\/hotels\/wp-content\/uploads\/2022\/04\/valeur-pointe-folie.png\" class=\"attachment-full size-full\" alt=\"\" loading=\"lazy\" srcset=\"https:\/\/noemys.fr\/hotels\/wp-content\/uploads\/2022\/04\/valeur-pointe-folie.png 496w, https:\/\/noemys.fr\/hotels\/wp-content\/uploads\/2022\/04\/valeur-pointe-folie-300x186.png 300w\" sizes=\"(max-width: 496px) 100vw, 496px\" \/>                <\/div>\r\n                            <div class=\"single-custom-carousel htmega-data-title\" data-title=\"Image Grid Title\">\r\n                    <img width=\"496\" height=\"307\" src=\"https:\/\/noemys.fr\/hotels\/wp-content\/uploads\/2022\/04\/valeur-vision-durable.png\" class=\"attachment-full size-full\" alt=\"Une vision durable\" loading=\"lazy\" srcset=\"https:\/\/noemys.fr\/hotels\/wp-content\/uploads\/2022\/04\/valeur-vision-durable.png 496w, https:\/\/noemys.fr\/hotels\/wp-content\/uploads\/2022\/04\/valeur-vision-durable-300x186.png 300w\" sizes=\"(max-width: 496px) 100vw, 496px\" \/>                <\/div>\r\n            \r\n        <\/div>\r\n\r\n        \t\t<\/div>\n\t\t\t\t<\/div>\n\t\t\t\t<div class=\"elementor-element elementor-element-3e23fd8 elementor-widget-tablet__width-initial htmega-align-center elementor-invisible elementor-widget elementor-widget-htmega-calltoaction-addons\" data-id=\"3e23fd8\" data-element_type=\"widget\" data-settings=\"{&quot;_animation&quot;:&quot;zoomIn&quot;}\" data-widget_type=\"htmega-calltoaction-addons.default\">\n\t\t\t\t<div class=\"elementor-widget-container\">\n\t\t\t            <div class=\"htmega-call-to-action callto-action-style-1\">\r\n                <div class=\"htmega-content\">\r\n\r\n                                            <div class=\"htmega-callto-action-title\">Noemys Morgon<\/div><a class=\"call_btn\" href=\"https:\/\/noemys.fr\/hotels\/wp-content\/uploads\/2022\/04\/FICHE-GROUPE-et-SEMINAIRE-Morgon.pdf\" target=\"_blank\"><span class='call_to_action_button_one_text_progression'>T\u00e9l\u00e9charger la fiche<\/span><\/a><a class=\"call_btn secondary_btn\" href=\"https:\/\/noemys.backyou.app\/fr\/c\/request\/noemys\" target=\"_blank\" rel=\"noopener\"><span class='call_to_action_button_two_text_progression'>Demande de devis<\/span><\/a>                    \r\n                <\/div>\r\n            <\/div>\r\n\r\n        \t\t<\/div>\n\t\t\t\t<\/div>\n\t\t\t\t<div class=\"elementor-element elementor-element-cc32fbd elementor-widget-tablet__width-initial htmega-align-center elementor-invisible elementor-widget elementor-widget-htmega-calltoaction-addons\" data-id=\"cc32fbd\" data-element_type=\"widget\" data-settings=\"{&quot;_animation&quot;:&quot;zoomIn&quot;}\" data-widget_type=\"htmega-calltoaction-addons.default\">\n\t\t\t\t<div class=\"elementor-widget-container\">\n\t\t\t            <div class=\"htmega-call-to-action callto-action-style-1\">\r\n                <div class=\"htmega-content\">\r\n\r\n                                            <div class=\"htmega-callto-action-title\">Noemys Valence Nord<\/div><a class=\"call_btn\" href=\"https:\/\/noemys.fr\/hotels\/wp-content\/uploads\/2022\/04\/FICHE-GROUPE-et-SEMINAIRE-noemys-Valence-Nord.pdf\" target=\"_blank\"><span class='call_to_action_button_one_text_progression'>T\u00e9l\u00e9charger la fiche<\/span><\/a><a class=\"call_btn secondary_btn\" href=\"https:\/\/noemys.backyou.app\/fr\/c\/request\/noemys\" target=\"_blank\" rel=\"noopener\"><span class='call_to_action_button_two_text_progression'>Demande de devis<\/span><\/a>                    \r\n                <\/div>\r\n            <\/div>\r\n\r\n        \t\t<\/div>\n\t\t\t\t<\/div>\n\t\t\t\t<div class=\"elementor-element elementor-element-21066a8 elementor-widget-tablet__width-initial htmega-align-center elementor-invisible elementor-widget elementor-widget-htmega-calltoaction-addons\" data-id=\"21066a8\" data-element_type=\"widget\" data-settings=\"{&quot;_animation&quot;:&quot;zoomIn&quot;}\" data-widget_type=\"htmega-calltoaction-addons.default\">\n\t\t\t\t<div class=\"elementor-widget-container\">\n\t\t\t            <div class=\"htmega-call-to-action callto-action-style-1\">\r\n                <div class=\"htmega-content\">\r\n\r\n                                            <div class=\"htmega-callto-action-title\">Noemys Arles<\/div><a class=\"call_btn\" href=\"https:\/\/noemys.fr\/hotels\/wp-content\/uploads\/2023\/02\/FICHE-GROUPE-SEMINAIRE-noemys-Arles.pdf\" target=\"_blank\"><span class='call_to_action_button_one_text_progression'>T\u00e9l\u00e9charger la fiche<\/span><\/a><a class=\"call_btn secondary_btn\" href=\"https:\/\/noemys.backyou.app\/fr\/c\/request\/noemys\" target=\"_blank\" rel=\"noopener\"><span class='call_to_action_button_two_text_progression'>Demande de devis<\/span><\/a>                    \r\n                <\/div>\r\n            <\/div>\r\n\r\n        \t\t<\/div>\n\t\t\t\t<\/div>\n\t\t\t\t\t<\/div>\n\t\t<\/div>\n\t\t\t\t<div class=\"elementor-column elementor-col-33 elementor-top-column elementor-element elementor-element-3300639\" data-id=\"3300639\" data-element_type=\"column\">\n\t\t\t<div class=\"elementor-widget-wrap elementor-element-populated\">\n\t\t\t\t\t\t\t\t<div class=\"elementor-element elementor-element-14903cf elementor-widget-tablet__width-initial htmega-align-center elementor-invisible elementor-widget elementor-widget-htmega-calltoaction-addons\" data-id=\"14903cf\" data-element_type=\"widget\" data-settings=\"{&quot;_animation&quot;:&quot;zoomIn&quot;}\" data-widget_type=\"htmega-calltoaction-addons.default\">\n\t\t\t\t<div class=\"elementor-widget-container\">\n\t\t\t            <div class=\"htmega-call-to-action callto-action-style-1\">\r\n                <div class=\"htmega-content\">\r\n\r\n                                            <div class=\"htmega-callto-action-title\">Noemys Toulon la Valette<\/div><a class=\"call_btn\" href=\"https:\/\/noemys.fr\/hotels\/wp-content\/uploads\/2022\/04\/FICHE-GROUPE-et-SEMINAIRE-noemys-Toulon-La-Valette.pdf\" target=\"_blank\"><span class='call_to_action_button_one_text_progression'>T\u00e9l\u00e9charger la fiche<\/span><\/a><a class=\"call_btn secondary_btn\" href=\"https:\/\/noemys.backyou.app\/fr\/c\/request\/noemys\" target=\"_blank\" rel=\"noopener\"><span class='call_to_action_button_two_text_progression'>Demande de devis<\/span><\/a>                    \r\n                <\/div>\r\n            <\/div>\r\n\r\n        \t\t<\/div>\n\t\t\t\t<\/div>\n\t\t\t\t<div class=\"elementor-element elementor-element-9e24452 elementor-widget-tablet__width-initial htmega-align-center elementor-invisible elementor-widget elementor-widget-htmega-calltoaction-addons\" data-id=\"9e24452\" data-element_type=\"widget\" data-settings=\"{&quot;_animation&quot;:&quot;zoomIn&quot;}\" data-widget_type=\"htmega-calltoaction-addons.default\">\n\t\t\t\t<div class=\"elementor-widget-container\">\n\t\t\t            <div class=\"htmega-call-to-action callto-action-style-1\">\r\n                <div class=\"htmega-content\">\r\n\r\n                                            <div class=\"htmega-callto-action-title\">Noemys Pont-de-l'\u00e9toile<\/div><a class=\"call_btn\" href=\"https:\/\/noemys.fr\/hotels\/wp-content\/uploads\/2022\/04\/FICHE-GROUPE-et-SEMINAIRE-noemys-Pont-de-l-Etoile-2022.pdf\" target=\"_blank\"><span class='call_to_action_button_one_text_progression'>T\u00e9l\u00e9charger la fiche<\/span><\/a><a class=\"call_btn secondary_btn\" href=\"https:\/\/noemys.backyou.app\/fr\/c\/request\/noemys\" target=\"_blank\" rel=\"noopener\"><span class='call_to_action_button_two_text_progression'>Demande de devis<\/span><\/a>                    \r\n                <\/div>\r\n            <\/div>\r\n\r\n        \t\t<\/div>\n\t\t\t\t<\/div>\n\t\t\t\t<div class=\"elementor-element elementor-element-3ef5152 elementor-widget elementor-widget-htmega-carousel-addons\" data-id=\"3ef5152\" data-element_type=\"widget\" data-widget_type=\"htmega-carousel-addons.default\">\n\t\t\t\t<div class=\"elementor-widget-container\">\n\t\t\t\r\n       <div class=\"ht-custom-carousel htmega-carousel-activation htmega-carousel-style-3 htmega-carousel-animation-style-\" dir=\"ltr\" data-settings=\"{&quot;arrows&quot;:false,&quot;arrow_prev_txt&quot;:false,&quot;arrow_next_txt&quot;:false,&quot;dots&quot;:false,&quot;autoplay&quot;:true,&quot;autoplay_speed&quot;:1500,&quot;animation_speed&quot;:500,&quot;pause_on_hover&quot;:true,&quot;center_mode&quot;:false,&quot;center_padding&quot;:&quot;px&quot;,&quot;display_columns&quot;:1,&quot;scroll_columns&quot;:1,&quot;tablet_width&quot;:750,&quot;tablet_display_columns&quot;:1,&quot;tablet_scroll_columns&quot;:1,&quot;mobile_width&quot;:480,&quot;mobile_display_columns&quot;:1,&quot;mobile_scroll_columns&quot;:1}\" >\r\n\r\n                            <div class=\"single-custom-carousel htmega-data-title\" data-title=\"Image Grid Title\">\r\n                    <img width=\"496\" height=\"307\" src=\"https:\/\/noemys.fr\/hotels\/wp-content\/uploads\/2022\/04\/valeur-place-detente.png\" class=\"attachment-full size-full\" alt=\"Place \u00e0 la d\u00e9tente\" loading=\"lazy\" srcset=\"https:\/\/noemys.fr\/hotels\/wp-content\/uploads\/2022\/04\/valeur-place-detente.png 496w, https:\/\/noemys.fr\/hotels\/wp-content\/uploads\/2022\/04\/valeur-place-detente-300x186.png 300w\" sizes=\"(max-width: 496px) 100vw, 496px\" \/>                <\/div>\r\n                            <div class=\"single-custom-carousel htmega-data-title\" data-title=\"Image Grid Title\">\r\n                    <img width=\"496\" height=\"307\" src=\"https:\/\/noemys.fr\/hotels\/wp-content\/uploads\/2022\/04\/valeur-sens-partage.png\" class=\"attachment-full size-full\" alt=\"Le sens du partage\" loading=\"lazy\" srcset=\"https:\/\/noemys.fr\/hotels\/wp-content\/uploads\/2022\/04\/valeur-sens-partage.png 496w, https:\/\/noemys.fr\/hotels\/wp-content\/uploads\/2022\/04\/valeur-sens-partage-300x186.png 300w\" sizes=\"(max-width: 496px) 100vw, 496px\" \/>                <\/div>\r\n                            <div class=\"single-custom-carousel htmega-data-title\" data-title=\"\">\r\n                    <img width=\"496\" height=\"307\" src=\"https:\/\/noemys.fr\/hotels\/wp-content\/uploads\/2022\/04\/valeur-ode-simplicite.png\" class=\"attachment-large size-large\" alt=\"\" loading=\"lazy\" srcset=\"https:\/\/noemys.fr\/hotels\/wp-content\/uploads\/2022\/04\/valeur-ode-simplicite.png 496w, https:\/\/noemys.fr\/hotels\/wp-content\/uploads\/2022\/04\/valeur-ode-simplicite-300x186.png 300w\" sizes=\"(max-width: 496px) 100vw, 496px\" \/>                <\/div>\r\n            \r\n        <\/div>\r\n\r\n        \t\t<\/div>\n\t\t\t\t<\/div>\n\t\t\t\t\t<\/div>\n\t\t<\/div>\n\t\t\t\t\t\t\t<\/div>\n\t\t<\/section>\n\t\t\t\t\t\t\t<\/div>\n\t\t","protected":false},"excerpt":{"rendered":"<p>GROUPES SPORTIFS, LOISIRS, AUTOCARISTES, EVENEMENTS &amp; SEMINAIRES D&rsquo;ENTREPRISES Vous devez organiser un s\u00e9jour de groupes, un s\u00e9minaire ou un \u00e9v\u00e8nement ? Vous \u00eates au bon endroit !Choisir un h\u00f4tel noemys pour organiser vos s\u00e9jours de groupes loisirs ou professionnels c&rsquo;est l&rsquo;assurance de trouver un personnel \u00e0 votre \u00e9coute, une proposition adapt\u00e9e \u00e0 vos besoins et [&hellip;]<\/p>\n","protected":false},"author":2,"featured_media":0,"parent":0,"menu_order":0,"comment_status":"closed","ping_status":"closed","template":"","meta":[],"acf":[],"_links":{"self":[{"href":"https:\/\/noemys.fr\/hotels\/wp-json\/wp\/v2\/pages\/915"}],"collection":[{"href":"https:\/\/noemys.fr\/hotels\/wp-json\/wp\/v2\/pages"}],"about":[{"href":"https:\/\/noemys.fr\/hotels\/wp-json\/wp\/v2\/types\/page"}],"author":[{"embeddable":true,"href":"https:\/\/noemys.fr\/hotels\/wp-json\/wp\/v2\/users\/2"}],"replies":[{"embeddable":true,"href":"https:\/\/noemys.fr\/hotels\/wp-json\/wp\/v2\/comments?post=915"}],"version-history":[{"count":116,"href":"https:\/\/noemys.fr\/hotels\/wp-json\/wp\/v2\/pages\/915\/revisions"}],"predecessor-version":[{"id":10224,"href":"https:\/\/noemys.fr\/hotels\/wp-json\/wp\/v2\/pages\/915\/revisions\/10224"}],"wp:attachment":[{"href":"https:\/\/noemys.fr\/hotels\/wp-json\/wp\/v2\/media?parent=915"}],"curies":[{"name":"wp","href":"https:\/\/api.w.org\/{rel}","templated":true}]}}